e 14
-5008
Convert c98 (base 14) to base 10.
2486
What is -111122201 (base 3) in base 10?
-9955
631 (base 7) to base 11
268
Convert 10224 (base 7) to base 16.
9d5
21210 (base 4) to base 15
2ac
12233201 (base 4) to base 2
110101111100001
What is c494 (base 15) in base 8?
121103
2868 (base 9) to base 14
b0c
What is 11220000 (base 3) in base 6?
24300
What is 1011000001 (base 2) in base 12?
4a9
Convert 1a6 (base 12) to base 16.
10e
Convert 2356 (base 14) to base 12.
3688
-b9 (base 15) to base 12
-126
What is d1 (base 16) in base 8?
321
-2400 (base 6) to base 5
-4301
Convert -6736 (base 9) to base 5.
-124344
What is 765 (base 8) in base 10?
501
What is 341 (base 15) in base 7?
2101
What is -11001101100 (base 2) in base 8?
-3154
Convert 2847 (base 16) to base 14.
3a87
-20043 (base 5) to base 4
-103321
What is -14a08 (base 14) in base 9?
-77406
Convert 1143 (base 11) to base 13.
8b4
What is 110000110 (base 2) in base 14?
1dc
Convert 1636 (base 7) to base 2.
1010011000
What is -2ba (base 15) in base 16?
-271
163c (base 16) to base 3
21210211
101000001000 (base 2) to base 12
15a0
15023 (base 6) to base 5
34031
-11955 (base 11) to base 5
-1021441
-32302 (base 6) to base 14
-1886
Convert -8960 (base 12) to base 9.
-22750
c78 (base 14) to base 4
212122
What is -7442 (base 11) in base 4?
-2121313
What is -21121 (base 4) in base 12?
-421
-2752 (base 8) to base 9
-2062
-12690 (base 10) to base 9
-18360
Convert -16d (base 14) to base 4.
-10211
Convert -11110101111101 (base 2) to base 14.
-5a45
1010100100111 (base 2) to base 16
1527
Convert 432422 (base 5) to base 7.
60652
What is -3364 (base 15) in base 3?
-112221111
397 (base 12) to base 6
2311
What is 20384 (base 9) in base 6?
142121
What is -314111 (base 6) in base 12?
-12937
-63 (base 9) to base 16
-39
What is -1001121 (base 3) in base 11?
-642
-1042104 (base 5) to base 15
-56be
Convert -1a7 (base 12) to base 11.
-227
322441 (base 5) to base 14
4016
What is -367 (base 8) in base 14?
-139
Convert -12222021 (base 4) to base 10.
-27273
-785 (base 11) to base 10
-940
Convert -16401 (base 8) to base 15.
-2300
Convert -759 (base 12) to base 16.
-435
Convert 10001001001 (base 2) to base 13.
665
50130 (base 7) to base 3
121120020
What is -34504 (base 6) in base 3?
-20202211
What is -6624 (base 12) in base 13?
-5182
What is 141 (base 12) in base 4?
3001
3141 (base 6) to base 9
867
-13033 (base 4) to base 16
-1cf
-2402a (base 12) to base 7
-261106
Convert 10333 (base 5) to base 2.
1011001110
Convert -360 (base 12) to base 15.
-239
Convert -c43d (base 15) to base 16.
-a1f2
-24210 (base 7) to base 8
-14207
Convert -220100 (base 3) to base 15.
-2dc
Convert -211 (base 8) to base 10.
-137
Convert 2252 (base 6) to base 13.
323
Convert 2446 (base 8) to base 7.
3562
Convert -1cbb (base 13) to base 12.
-264b
24394 (base 11) to base 13
12c6b
What is 1861 (base 16) in base 13?
2ac1
-3223 (base 10) to base 12
-1a47
What is -1003001 (base 4) in base 2?
-1000011000001
1220201 (base 3) to base 2
10101110100
-1402 (base 6) to base 7
-1025
What is -35b (base 15) in base 7?
-2135
What is 4309 (base 11) in base 13?
2792
What is 642 (base 12) in base 9?
1225
Convert b201 (base 12) to base 2.
100101101100001
What is -62 (base 9) in base 12?
-48
-1013 (base 4) to base 11
-65
What is -11327 (base 11) in base 12?
-9578
-1022 (base 6) to base 14
-126
What is -291 (base 10) in base 16?
-123
-475 (base 9) to base 12
-288
2324 (base 5) to base 13
201
What is 37ae (base 16) in base 12?
82ba
Convert -200222 (base 3) to base 12.
-368
What is -16752 (base 14) in base 11?
-39354
What is 11001110111 (base 2) in base 4?
121313
Convert 348 (base 15) to base 8.
1347
1362 (base 7) to base 3
201210
5052 (base 8) to base 12
160a
Convert -1123 (base 5) to base 10.
-163
Convert e9f (base 16) to base 7.
13625
Convert -356 (base 10) to base 3.
-111012
-11111121 (base 3) to base 7
-12400
Convert -ad9 (base 14) to base 16.
-867
Convert -3a2 (base 12) to base 4.
-20222
Convert 1044 (base 14) to base 15.
c6e
What is 2858 (base 10) in base 11?
2169
104243 (base 7) to base 16
4784
What is -1000 (base 5) in base 3?
-11122
-101312 (base 5) to base 12
-1b18
What is -63652 (base 8) in base 7?
-140241
Convert 35c (base 14) to base 12.
47a
Convert -1562 (base 8) to base 7.
-2400
What is 101112 (base 3) in base 10?
284
What is 20aa (base 15) in base 11?
5212
What is 4101 (base 7) in base 12?
9a6
Convert -3012331 (base 4) to base 7.
-52060
What is -122211000 (base 3) in base 4?
-3022323
Convert -684 (base 9) to base 4.
-20302
3572 (base 15) to base 11
8595
Convert 2608 (base 10) to base 12.
1614
Convert -1b204 (base 12) to base 6.
-505204
What is -785 (base 11) in base 10?
-940
3e5 (base 16) to base 3
1100221
What is 1230 (base 6) in base 5?
2211
What is 400 (base 7) in base 8?
304
4232 (base 8) to base 2
100010011010
Convert 1993 (base 12) to base 10.
3135
Convert 703 (base 9) to base 4.
20322
What is -414400 (base 5) in base 12?
-7b39
Convert -404535 (base 7) to base 9.
-114423
249 (base 12) to base 6
1333
Convert -112102 (base 3) to base 16.
-185
121453 (base 9) to base 7
423423
3285 (base 9) to base 11
1906
1088 (base 9) to base 4
30221
What is 651 (base 12) in base 13?
562
215054 (base 6) to base 11
1254a
130101 (base 5) to base 14
1b90
-2614 (base 11) to base 6
-23431
What is 1639b (base 12) in base 10?
31655
234 (base 5) to base 12
59
What is 221 (base 7) in base 8?
161
What is -462 (base 10) in base 13?
-297
What is c238 (base 14) in base 4?
20021122
Convert -266 (base 7) to base 11.
-123
What is -103022 (base 4) in base 16?
-4ca
What is -65507 (base 8) in base 2?
-110101101000111
102010021 (base 3) to base 11
6100
480 (base 10) to base 8
740
-2299 (base 10) to base 12
-13b7
202010 (base 3) to base 10
543
What is -1222211 (base 4) in base 3?
-100100122
Convert -3b8 (base 14) to base 13.
-459
Convert 2280b (base 13) to base 10.
62879
7281 (base 11) to base 4
2112300
What is -11100 (base 4) in base 2?
-101010000
-9558 (base 14) to base 9
-38285
112120 (base 3) to base 6
1453
-185b (base 14) to base 11
-3334
603 (base 12) to base 10
867
12120120 (base 3) to base 16
fe1
Convert 3e9 (base 15) to base 14.
47c
What is 6435 (base 15) in base 12?
10328
What is -6411 (base 12) in base 7?
-43642
Convert 3023102 (base 4) to base 9.
18755
What is -45948 (base 11) in base 5?
-4110420
422312 (base 6) to base 11
23801
What is 24013 (base 5) in base 8?
3336
1237 (base 15) to base 13
19c3
120002122 (base 3) to base 16
2afe
Convert 3124 (base 6) to base 15.
31a
What is -106 (base 13) in base 7?
-340
Convert 20221212 (base 4) to base 11.
2468a
What is -1240 (base 9) in base 8?
-1637
What is 111110001 (base 2) in base 7?
1310
-11111011000000 (base 2) to base 11
-11084
What is 7a73 (base 15) in base 16?
657f
Convert 1789 (base 11) to base 12.
1397
-299b (base 15) to base 4
-2023121
Convert 8975 (base 14) to base 5.
1230234
Convert 562 (base 11) to base 16.
2a1
Convert -8b7 (base 15) to base 2.
-11110110100
11000111111 (base 2) to base 5
22344
Convert -96c (base 14) to base 2.
-11101000100
What is 40034 (base 5) in base 10?
2519
61736 (base 8) to base 15
7896
Convert -133 (base 13) to base 10.
-211
Convert -23111 (base 4) to base 13.
-43a
What is -17ad (base 16) in base 7?
-23446
What is -1cf (base 16) in base 10?
-463
What is -22212132 (base 4) in base 13?
-169c2
Convert 1a59a (base 11) to base 12.
14709
Convert -cac7 (base 15) to base 10.
-42937
What is 57347 (base 8) in base 11?
17287
What is -3045 (base 6) in base 4?
-22211
Convert -46759 (base 10) to base 14.
-1307d
What is 1111111 (base 3) in base 8?
2105
What is -54543 (base 7) in base 10?
-13653
-1442 (base 5) to base 6
-1051
What is 11873 (base 9) in base 6?
101020
Convert -1085 (base 11) to base 5.
-21144
What is 333132 (base 5) in base 4?
2312103
Convert -1230 (base 5) to base 15.
-ca
Convert 340 (base 6) to base 16.
84
Convert -595 (base 12) to base 3.
-1010212
What is 798 (base 16) in base 14?
9cc
What is 22100111 (base 3) in base 5?
143323
What is d4 (base 15) in base 3?
21101
Convert -571 (base 10) to base 7.
-1444
Convert -752 (base 8) to base 12.
-34a
Convert -2344242 (base 5) to base 7.
-241253
125376 (base 9) to base 8
224540
What is 4674 (base 11) in base 10?
6131
What is -216016 (base 7) in base 6?
-452154
Conv